4 + 1 + (-22 - (-3 + 8)) - 1?
-36
-92 + -1 + (33 - 38 - -13)
-85
Calculate (80 - (6 + -11 + 7)) + 309 + -296.
91
Calculate -2 - 27 - -27 - (16 - (1 - -3)).
-14
What is the value of -1 + -27 + 73 + 20 + -24?
41
5 + -29 + -55 + (53 - 21)
-47
-19 + (-2 - 5) + (-11 - 4)
-41
What is 48 + 1112 + -1141 + 0 + 21?
40
What is the value of (0 - 6) + -4 + 39 + (-18 + 3 - -2)?
16
(0 - 1) + 8 + -8 - (114 - (-136 - -201))
-50
(-6 - -38) + -29 + 57 + -1 + -16
43
Evaluate -3 - (20 - 5) - 2 - -18 - (69 + 0).
-71
What is 0 - -6 - (-14 + (120 - 20) + 11 + -23)?
-68
Calculate -6 + 12 + -6 + -4 + 19 + -13.
2
What is the value of -28 + (-18 - -62) + -53 - -30?
-7
Calculate (42 - -2) + 14 + -25 + (7 - -4).
44
Calculate 13 - (-4 + -7 + 68) - (-4 + 1 - -15).
-56
What is 19 - (-1 - -1 - -2) - (-67 + -47 - -108)?
23
Evaluate 49 + (-40 - 37) - 43.
-71
What is the value of -3 - -100 - (-196 - -215) - 4?
74
What is 0 + 50 + -40 + (65 - 8)?
67
Calculate 1 - (18 - ((-1 - -7 - -6) + -3 + -11)).
-19
12 - (((5 - 0) + -8 - 3) + 24 + -18)
12
-5 + (11 - (-27 - -39) - (2 - 14))
6
What is 13 - ((21 - -4) + -12 + (0 - -52))?
-52
Calculate (8963 - 8984) + (-3 - (1 - 4) - -2).
-19
38 + (14 - 177) - -69
-56
What is 2840 - 2915 - (-37 - 1)?
-37
-21 - 2 - ((-62 - 35) + 146)
-72
-81 + (-3 - ((23 - 35) + (6 - 1)) - 0)
-77
What is 4 - -7 - (84 - 25 - -1)?
-49
(40 + -17 - -3) + (-6 - (9 + -5))
16
Evaluate 0 + -26 + (86 - (-46 - -134)).
-28
What is (-1 - -6) + (-6 + -8 + 85 - (60 - 42))?
58
Evaluate 5 + 4 + -6 + -9 + (1 - -38) + 5.
38
What is 69 + -33 + 48 + -63?
21
What is the value of (-2 - 0) + 8 - (868 - 794)?
-68
What is (-44 - -1) + -1316 + 1368 + 103?
112
What is the value of (73 - 59) + -39 + 102?
77
What is (-384 - -328) + (36 - 0)?
-20
Calculate 77 + -94 + (-6 + -41 - -10).
-54
What is the value of (-115 - -47) + 60 + 14?
6
Calculate 51 + -139 + 70 - 14.
-32
What is 19 + -17 + 13 + (13 + -1 - 2)?
25
What is the value of -98 + 75 + (6 - (4 + 71))?
-92
What is the value of 111 - (110 + (88 - 141))?
54
Calculate -487 - -443 - (-19 + (3 - 1)).
-27
What is the value of 28 - ((-1 - -13) + -297 + 261)?
52
Calculate -86 + 257 + -184 - (0 + -134).
121
Calculate -18 + 2 + 230 + -319 + (0 - -14).
-91
What is the value of -15 + -15 - -26 - (12 + -1 + -22)?
7
What is the value of -12 + 1 + -16 + (-24 - -64) + (34 - 1)?
46
(-6 + -3 - 34) + 163 + -165
-45
7 + -5 - 7 - -66 - (-15 + 5 - -4)
67
Evaluate 98 + -106 + (-17 - -3) + 23.
1
Evaluate -82 - (-15 - (81 + 16)).
30
What is (-9 + -1 - (14 + -2 - 19)) + 95?
92
-2 + (0 - 6) - (-4 + 26 - (-68 - -81))
-17
What is -7 - 1 - (-67 + 34 - -45 - -69)?
-89
Calculate -85 + -19 + 26 - -4.
-74
What is the value of 13 - 1 - (127 + (-37 - 31))?
-47
Calculate -23 + ((6 - (1 - (4 + -15))) + 3 - 5).
-31
Calculate (1 + -39 - 0) + 7 - (-62 - -76).
-45
What is (-6 - -9) + 24 - (-10 + 14 + -18)?
41
What is 39 + (-28 - (-7 + -21)) + -1 + 1 + -1?
38
(-98 - 30) + 10 - -258
140
Evaluate 21 - (-32 + 48) - (3 + 0) - 25.
-23
Calculate (15 - 0) + (-4 + -24 - -58).
45
What is the value of (350 - 384) + 7 + 2 + -39?
-64
Calculate (0 - -3 - (5 + 0) - -2) + 3541 + -3637.
-96
Evaluate -24 - (-127 + 38 - -41) - (9 - (0 - 1)).
14
What is -26 + (-3 - -28) + -41?
-42
Evaluate 28 + -11 - (-13 - -28) - -58.
60
What is -19 - (1 - -16 - 39) - -3 - 10?
-4
Evaluate -5 + 24 + -25 + 2 + -35 + 1.
-38
What is the value of 21 + -6 - (-6 - -11 - 2) - 22?
-10
What is the value of -26 + (-9 - 1 - (-1 + -97))?
62
Calculate 41 + (-20 - (-102 + 97)).
26
Evaluate 762 + -714 + 6 + -6 + -9 + (2 - 2).
39
What is the value of (-86 + 84 - 18) + 41?
21
Evaluate (8 - 8 - (7 - 2)) + (33 - 20) - 47.
-39
What is 121 - (-7 + -29 + 24) - 32?
101
What is (-9 - (-29 + (68 - -27))) + 33 - (2 + 0)?
-44
What is 7 + -6 + -16 + -3 + 25 - -41?
48
What is 39 - ((-15 - -42) + -5 + -1)?
18
Evaluate (60 - (-41 - (30 + -21))) + (1 - 11).
100
What is the value of (-52 - -35) + 30 - -24?
37
What is -1 - 11 - (-15 + 24 + (-16 - (6 - 27)))?
-26
40 + -55 + -6 + (-14 - 2)
-37
What is 50 + -100 + -24 + 24?
-50
Evaluate 9 - ((4 - 27) + -27 + 28).
31
Evaluate 16 + -5 + (-7 + 9 - 10) + -34.
-31
Calculate 4 + -7 + 16 - (-27 + 18 - (-89 + -4)).
-71
Evaluate -227 - (-201 + (179 - 110)).
-95
Calculate -8 + -2 + 0 + (15 - 43) - -7.
-31
What is the value of 51 - (-2 - ((14 - 8 - -8 - 0) + -28))?
39
What is the value of 0 + (119 - 2) + 10466 + -10506?
77
61 + -35 + -11 + (-63 - 3)
-51
(10 - (6 + (7 - -8))) + (-6 - -11)
-6
What is (-142 - -119) + (35 - -11)?
23
What is -32 + (-14 - (-25 + 90)) - (0 + -3)?
-108
What is 18 + (18 - 54) + (-29 - 11)?
-58
What is the value of 1 - 60 - (-6449 + 6406)?
-16
-151 - (-33 + -27) - -160
69
Calculate (-7610 - -7685) + -1 + -28.
46
What is (13 - ((-1 - 0) + -32 + 36)) + (-24 - 2)?
-16
Calculate (-372 - -332) + 13 + 30.
3
Evaluate 16 - (-3 + (-7 - -11) - -4) - 23.
-12
Evaluate -440 + 502 + 66 + -18.
110
What is the value of -30 - ((-6 - (-12 - -1 - (149 - 150))) + -16)?
-18
What is the value of -51 - (90 - 123 - -51)?
-69
102 - (-67 - -119) - 75
-25
Evaluate 3 - 128 - (8104 - 8154).
-75
-10 - ((-3 - 5) + -13 + (47 - 8))
-28
Evaluate 24 - (17 + -18) - 25 - (-1 + 8) - 7.
-14
(0 - (-11 - -24) - (6 - 5)) + 0
-14
What is the value of (8 + 8 - -2) + 99 + (10 - 1) + -6?
120
What is the value of 9 - -1 - (19 - (114 - 54) - (-16 + 1))?
36
33 + -1 - (-7676 + 7766)
-58
Evaluate -1 + 99 + -45 - 81.
-28
What is 0 + 2 - -2 - 16 - ((-1 - -13) + -3)?
-21
Calculate -103 - ((15 - 77) + 28 - -5).
-74
What is the value of (477 - 462) + (-1 - 6)?
8
76 + 3 - (-6 - -2 - (-28 - -24))
79
What is (7 - (-7 - -3) - 10 - 6) + 0 + -54?
-59
What is the value of -71 + (-82 - -151) - -90?
88
Evaluate -25 + 15 - (34 - (84 + -23)).
17
15 - (9 - (-18 + (4 - -3) - -8))
3
What is the value of -25 + -5 + 23 + -14 + -11?
-32
What is the value of (-10 - 4) + 0 + 6 - (82 - 18 - -31)?
-103
Calculate -125 - -282 - (-43 + 45 + (2 - 0)).
153
What is the value of ((-128 - -118) + (7 - (0 - 0)) - -3) + -10?
-10
Evaluate (38 - (-35 - 0)) + -38.
35
Evaluate 30 + 14 - ((10 - 7 - 9) + -7).
57
What is -12 - (71 + -202 - -55)?
64
What is the value of -43 + (201 - (-51 - -126))?
83
Evaluate -233 + 101 + 95 - ((-3 - 4) + -1 - 1).
-28
(-13 - -10) + 5 - (16 + -5 + 2)
-11
Calculate -5 + 16 + 9 + -17 + 31.
34
Calculate 72 - (-4 + -12 - (127 - 153)).
62
What is the value of -31 - (-21 - (26 - -16))?
32
40 - 33 - 33 - 6
-32
What is -60 + (126 - 78) + 2 + -3 + (-2 - -2)?
-13
Evaluate 0 - -2 - 143 - (2 - (-40 + (45 - -12))).
-126
-421 + 392 - (-27 + 0) - (1 - -39)
-42
Calculate 9 - -25 - (533 - 553).
54
What is the value of (-17 + 19 - (6 - 12) - -25) + (1 - -3)?
37
2 + -4 + 6 + (26 + 23 - (-27 + -11))
91
Calculate (-5 - (1 + -57)) + -41 + 8 + 30.
48
What is -1 + -31 + 1 + (-34 - -41)?
-24
Calculate 121 + (-38 - ((37 - 30) + -9)).
85
What is -53 + 2 + (20 - 19) - -22?
-28
Calculate (-1929 + 1919 - ((1 - 1) + -13)) + 1 + -6.
-2
Calculate 71 + (-23 - ((-47 - -57) + -13)).
51
Evaluate -47 + (-14 - (-1 + 12 + -22) - -12).
-38
17 + (-71 - (-22 - -3))
-35
(1 - 10 - (2793 + -2800)) + (-1 - 0)
-3
Calculate (-2004 - -2002) + 59 + -1 + -5.
51
What is (-510 - -503) + (41 - 41 - (-41 + 1 + -1))?
34
Evaluate 1 - (-67 + 0) - ((-65 - -64) + -19 + 23).
65
(29 - 32 - (2 + 30)) + -7 + (0 - -6)
-36
20 + (56 - (85 + -24)) - (-1 - 0 - 10)
26
Calculate (-7 + 18 - (-1 - -11) - -3) + -46.
-42
-35 - (-10 + 24 + (21 - 37))
-33
What is 10 - -50 - (-1 + (4 - -5) + 3)?
49
What is -220 + 164 - ((-3 + 4 - (-4 - 1)) + 5)?
-67
What is the value of 62 + (-25 + -57 - -41)?
21
Evaluate (60 - (122 + -55)) + 51.
44
What is (5 - 8) + 6 - (-20 + 35 + 68 + -1)?
-79
Calculate 52 + -34 + (9 - (-8 + -85 + 15)).
105
Calculate 6 + -2 - ((-37 + 4 - -9) + -7).
35
Calculate (18 - 5) + 14 + 4 - 11.
20
What is the value of -35 + (-1 - -3) - (-4580 + 4640)?
-93
Calculate -6 + 8 + -53 + (120 - -7).
76
Calculate 13 + (-5 - 1) + (2 - (17 + 44)).
-52
What is the value of (5 - (5 + -19 - -18)) + -77?
-76
What is 20 + -1 - (-1 + (-19 - -67))?
-28
Calculate 28 - 0 - ((14 - (21 - 0)) + 12).
23
(0 - 4) + 0 + 1 + 31 + 25 + -1
52
Evaluate -8 + -5 + -26 + 59 + -17.
3
Evaluate (1 - 26) + 2096 + -2097.
-26
Calculate (10 - (2 - 1)) + -28.
-19
What is the value of -50 - ((-8 - -3) + 1 + -11 + 2)?
-37
2 + (-4 + 5 - (-1 - 5)) + -32 + -2
-